 the highest common factor of 10 and z.
10
Suppose r - 4*w - 111 = 0, 0 = r + r + 2*w - 232. Let k = 16 + 7. Calculate the greatest common divisor of k and r.
23
Let q(x) = -x + 4. Let s be q(3). Let b be s + 4 + 0 + -1. Suppose -14*i = -42 + 14. Calculate the highest common divisor of i and b.
2
Let g(y) = -4*y. Let z be g(-5). Calculate the greatest common factor of 4 and z.
4
Let j(x) = -x**3 - 7*x**2 - 8*x - 2. Let y be j(-6). Let n be (20/(-6))/(1/(-3)). What is the highest common divisor of n and y?
10
Let d be 20 + (0/(-1))/(-1). Let b(t) = -4*t - 34. Let q be b(-21). What is the greatest common divisor of d and q?
10
Suppose 0*s = 5*s + 20. Let b be (-10)/s - 4/8. Let i be (4 - b)/(1/13). What is the greatest common factor of i and 65?
13
Let i(y) = -y**2 + 3*y + 2. Let c be i(4). Let z(o) = -o. Let k be z(c). What is the highest common divisor of k and 10?
2
Let l(j) = 6*j - 3. Let m be l(3). Suppose 5*f - 217 = -0*p - 4*p, p + 227 = 5*f. What is the highest common factor of m and f?
15
Let w be (-2)/10 - (-11)/5. Suppose 10 = w*h + 2. Calculate the highest common divisor of h and 20.
4
Let i(r) = -r - 1. Let c(b) = -b - 2. Let s(m) = -c(m) + 2*i(m). Let t be s(-6). Calculate the highest common divisor of t and 18.
6
Let s(v) = -3*v + 1. Let f be s(-4). Suppose -2*m + m = -3. Let o be (-13)/(-3)*1*m. Calculate the greatest common factor of o and f.
13
Let i = 85 + -79. Calculate the greatest common divisor of i and 39.
3
Let t = 125 + -116. Calculate the greatest common factor of 81 and t.
9
Let o(n) = -25*n - 10. Let h be o(-7). Let r be (-118)/(-8) + (-2)/(-8). Calculate the highest common divisor of h and r.
15
Let b be -3*3/(18/(-14)). Let n(i) = -3*i**2 + 3*i + 1 + 0*i + 5*i**2. Let z be n(-4). Calculate the highest common divisor of z and b.
7
Let f(u) = 5*u - 2 - 6 + 4 - 1. Let r be f(6). Suppose -3*z - j - j = -r, -j = 1. Calculate the greatest common divisor of 99 and z.
9
Suppose d + 3*d = 12. Let l = 7 + d. Calculate the greatest common divisor of l and 80.
10
Let u(k) = -2*k - 1. Let o be u(-2). Let p = -272 - -278. Calculate the greatest common factor of o and p.
3
Let p = -3 - -5. Suppose j = -10*g + 5*g + 12, -p*j = -2*g. Let r(d) = 3*d + 67. Let z be r(-21). Calculate the highest common divisor of j and z.
2
Suppose -5*w + h + 110 = 0, -5*w + 3*h + 110 = 5*h. Let f = w - 2. Calculate the greatest common divisor of 4 and f.
4
Let n(m) = -2*m + 1. Let h be n(-2). Suppose -h*z + 41 = -19. Calculate the highest common divisor of z and 3.
3
Let a be -1*(-2 - (-6 - 0)). Let v = -4 - a. Suppose -4*h + 0*h + 52 = v. Calculate the greatest common factor of h and 39.
13
Suppose 0*o = -o + 4. Let r(s) = s**3 - 6*s**2 + s - 6. Let f be r(6). Suppose 0 = 3*h, f = 4*d - 6*d - 2*h + 16. What is the highest common factor of o and d?
4
Let w(a) = 2*a**2 + 9*a + 19. Let t be w(-8). What is the highest common factor of 50 and t?
25
Suppose -6*m + 11*m = 290. Calculate the highest common factor of m and 29.
29
Let i be (84/7)/(3/2). What is the greatest common factor of 88 and i?
8
Suppose 4*j - 94 = -x, -3*x + 22 = j - 2*x. What is the greatest common factor of 24 and j?
24
Let j = 8 + -4. Suppose -3*k = -12, k - 172 = -j*a - 2*k. What is the greatest common divisor of 10 and a?
10
Let n(i) = -i**3 - 9*i**2 - i + 3. Let z be n(-9). Suppose -2*f + z = -2. What is the greatest common factor of f and 63?
7
Suppose 53 + 19 = 24*v. Suppose 0 = -2*j - 4*x - x + 26, -4 = -x. What is the greatest common factor of j and v?
3
Let r = 77 + -54. Suppose 0 = k - 2 - r. Calculate the highest common divisor of 175 and k.
25
Let m(h) = -30*h - 108. Let f be m(-10). What is the greatest common factor of 12 and f?
12
Suppose -3*b - 1 + 4 = 3*i, -2 = i + 4*b. Let l be i - (5 + -1 + -1). Let a be (l + -8)/(-5 + 4). Calculate the highest common factor of 45 and a.
9
Let c be (-6)/10 - (-136)/(-40) - -26. Calculate the highest common divisor of 44 and c.
22
Suppose -h - 2*g = -6*g - 8, -5*g = -2*h + 28. Let q = h + -6. Calculate the highest common factor of 198 and q.
18
Let d = 10 - 2. Let z be (-1014)/(-18) + 3/(-9). What is the greatest common factor of d and z?
8
Let i = 51 + -32. Let m = i + 2. Suppose 0 = -3*g - g + 588. Calculate the greatest common divisor of g and m.
21
Suppose k + 5 = -4. Let a be (-52)/k - 4/(-18). Suppose -3*s + 4*c = -8, -s - 4*c - 16 = -a*s. Calculate the highest common divisor of s and 4.
4
Let s(h) = -13*h + 2*h**2 - 1 - 3*h**2 + 5*h. Let u be s(-6). What is the greatest common divisor of 1 and u?
1
Suppose -14*s + 13*s + 52 = 0. Calculate the greatest common divisor of s and 78.
26
Suppose -2*y + 20 = 2*y. Suppose f = y + 2. What is the highest common factor of f and 56?
7
Let o(j) = 11*j**2 - 2*j - 2. Let l be o(2). Suppose 4*y - 10 = l. Let p be (-20)/((4 - 0)*(-2)/12). Calculate the highest common factor of y and p.
6
Suppose -5*q + 160 = -0*q. Let k = q + -19. Suppose -6*u + 2*h = -2*u - 50, h - 1 = 0. Calculate the highest common factor of u and k.
13
Let t be (0 + 3 - -2)*21. Suppose 15 + t = -5*m. Let n be (1 - 0)/((-2)/m). What is the greatest common factor of n and 84?
12
Suppose i = 1 + 11. Suppose 4*o - 528 = -4*s, -6*s - 3*o = -2*s - 528. Calculate the greatest common divisor of i and s.
12
Let o = 873 - 576. What is the highest common factor of o and 27?
27
Suppose -34 = -b + 2*s, 116 = -b + 5*b - 4*s. Calculate the greatest common divisor of b and 3.
3
Let w(m) = 4*m + 3*m + 2 - m**3 + 0*m - 8*m**2. Let k be w(-9). What is the highest common divisor of 10 and k?
10
Let m be (-2 - 1)*11/(-3). Let y be 1*5 - (-26 - -20). What is the highest common divisor of y and m?
11
Let f be (100/(-15))/(1/(-6)). Let c be 16/(-28) + 60/7. Calculate the greatest common factor of f and c.
8
Let u = 29 - 3. Suppose -5*b + u = 3*j, -j + 10 = -b + 2*b. Suppose -2*f + 2*m + 126 = 0, f + 5*m + 2 - 47 = 0. What is the highest common divisor of j and f?
12
Let s(o) = o**3 + 12*o**2 - 5*o - 7. Let t be s(-7). Suppose 5*r - t = 377. Let h = -51 - -103. What is the highest common divisor of h and r?
26
Suppose v - 7 = -o, -5*v - 20 = -3*o + 1. Let p = 56 + o. What is the highest common factor of p and 7?
7
Let s be 0/(-3 + (-4)/(-2)). Suppose 3*a - 4 - 11 = s. Calculate the greatest common divisor of 2 and a.
1
Let g(v) = 10*v. Let t be g(1). Suppose 2*d + 3*a - 38 = t, -d + 25 = a. What is the highest common divisor of 18 and d?
9
Let u = 70 + -40. What is the highest common divisor of 210 and u?
30
Let k(f) = -f**2 + 2*f + 20. Let x be k(0). Suppose 4*w - 116 = -5*d, -4*w = d - 0*w - x. Calculate the greatest common factor of 3 and d.
3
Let o be -2 - 260/((-20)/5). What is the greatest common factor of 14 and o?
7
Let h(z) be the first derivative of -13*z**2 + 4*z + 6. Let r be h(-2). Calculate the greatest common factor of 7 and r.
7
Let l(f) = f**3 + 6*f**2 - 7*f + 10. Suppose -26 + 96 = -5*c. Let j = c - -7. Let w be l(j). What is the highest common factor of w and 2?
2
Let r(y) = -y**3 + 3*y**2 + 6*y - 6. Suppose -12 = t - 4*x, -x + 4 = -t + x. Let f be r(t). What is the highest common divisor of f and 2?
2
Suppose 0 = a + 5*a - 144. What is the highest common divisor of 9 and a?
3
Suppose 114 = 3*a - 105. Suppose -9 = 4*x - a. Suppose i - 3 - 1 = 0. What is the greatest common factor of i and x?
4
Suppose -z + 8 = 3*z. What is the highest common divisor of z and 6?
2
Suppose -4*z - 2*w + 4 = 0, 0 = 3*z + 5*w + 2 + 9. Suppose -z*c + c + 50 = 0. Calculate the highest common divisor of 225 and c.
25
Let y(n) = n**2 - n + 60. Let j be y(0). Calculate the greatest common divisor of j and 12.
12
Suppose -8*k = -5*k - 96. What is the highest common factor of k and 288?
32
Let h be ((-18)/3)/(4/(-26)). What is the greatest common factor of h and 26?
13
Let c be -4*(2 - 0 - 0). Let g = -1 + 14. Let q = g + c. Calculate the greatest common divisor of 25 and q.
5
Let j be -39 + (-1 - 2)/(-3). Suppose s + 2*q = -27, -2*s - 78 = 2*s - 2*q. Let n = s - j. Calculate the highest common factor of 51 and n.
17
Suppose -y = 2*y - 81. Suppose a + 3*l = -6, -5*a + a = -l - 15. Calculate the highest common factor of y and a.
3
Let g be (-894)/(-10) + 12/20. Let h = g + -50. What is the highest common factor of 5 and h?
5
Suppose 17 + 13 = 3*u. Supp